lse
Is 13 a factor of 755967956?
False
Is 1234 a factor of 487631142?
True
Is 32087633 a multiple of 1068?
False
Is 2940353770 a multiple of 11?
False
Is 64 a factor of 177454400?
True
Is 293894705 a multiple of 692?
False
Does 174 divide 58280430?
True
Does 267 divide 167330857?
False
Is 28 a factor of 36316343?
False
Does 550 divide 43130552?
False
Is 54 a factor of 3107339249?
False
Is 1199 a factor of 11594330?
True
Is 30 a factor of 376306561?
False
Is 1007514957 a multiple of 57?
True
Is 581088751 a multiple of 377?
False
Does 3230 divide 1999370?
True
Does 14 divide 13352850?
True
Does 1635 divide 49158099?
False
Does 519 divide 15687294?
True
Is 116 a factor of 418761922?
False
Is 2785150 a multiple of 25?
True
Does 166 divide 4177020958?
False
Does 654 divide 90522102?
True
Is 514103841 a multiple of 7?
False
Is 12 a factor of 70932297?
False
Is 926 a factor of 61975738?
False
Is 412853952 a multiple of 83?
True
Is 216041474 a multiple of 374?
True
Is 4352 a factor of 17658061?
False
Does 26 divide 22418002?
False
Does 619 divide 36477670?
True
Does 18 divide 15884424?
True
Does 18 divide 128912812?
False
Does 311 divide 634097341?
False
Does 2939 divide 41072525?
True
Does 3870 divide 85952700?
True
Is 1013 a factor of 8850581?
True
Does 897 divide 156762411?
True
Is 118 a factor of 165445495?
False
Does 5100 divide 145368112?
False
Does 21 divide 10621401?
True
Is 40 a factor of 4502863?
False
Is 1756584289 a multiple of 193?
True
Does 840 divide 29748061?
False
Is 80 a factor of 58721760?
True
Is 425 a factor of 763293718?
False
Is 128673415 a multiple of 13?
True
Is 1852 a factor of 301024080?
True
Is 774927609 a multiple of 3547?
False
Does 48 divide 1325579568?
True
Is 67828650 a multiple of 12?
False
Is 3648 a factor of 70226693?
False
Is 159757164 a multiple of 6?
True
Is 159835314 a multiple of 1831?
True
Does 3486 divide 439976983?
False
Is 1080 a factor of 20723040?
True
Does 1990 divide 119943270?
True
Does 13 divide 28782800?
False
Is 202 a factor of 9577426?
True
Does 3264 divide 84752504?
False
Is 40836895 a multiple of 5?
True
Is 50679800 a multiple of 1775?
True
Is 142926718 a multiple of 173?
True
Is 2203 a factor of 1595116992?
False
Does 22 divide 636208606?
True
Is 169 a factor of 92300587?
False
Is 1937 a factor of 380642485?
False
Is 3243 a factor of 79080555?
True
Is 172548417 a multiple of 24?
False
Is 480 a factor of 213256326?
False
Is 386 a factor of 386606020?
True
Is 3375 a factor of 53179875?
True
Does 14 divide 19722479?
False
Is 851 a factor of 10923000?
False
Is 423770343 a multiple of 10447?
False
Does 226 divide 97279666?
True
Does 173 divide 539468812?
False
Is 60938609 a multiple of 257?
False
Is 752422806 a multiple of 126?
False
Is 31 a factor of 1192541?
False
Does 34 divide 822479686?
True
Is 57 a factor of 580379871?
True
Does 8706 divide 2194652666?
False
Is 4773 a factor of 1017937710?
True
Is 793691085 a multiple of 209?
True
Is 357348346 a multiple of 4329?
False
Is 28937040 a multiple of 291?
True
Does 265 divide 218036403?
False
Is 7 a factor of 2182147135?
True
Does 14 divide 123803452?
False
Does 20 divide 92690368?
False
Does 23 divide 396157865?
True
Is 1775512876 a multiple of 3151?
True
Is 39 a factor of 359458506?
False
Does 117 divide 30709458?
True
Is 27319746 a multiple of 298?
True
Is 9830681 a multiple of 44?
False
Does 14 divide 13193124?
True
Does 83 divide 3734419?
True
Does 508 divide 572551496?
False
Does 399 divide 29184039?
False
Is 85 a factor of 29544509?
False
Does 1011 divide 434077141?
False
Is 894723322 a multiple of 23?
True
Is 23 a factor of 1856786437?
False
Is 9020037 a multiple of 3?
True
Does 2469 divide 263253396?
False
Is 253310376 a multiple of 1958?
True
Does 154 divide 653443560?
True
Does 78 divide 141141055?
False
Does 368 divide 25972203?
False
Is 553 a factor of 1093300355?
True
Does 10 divide 2575907?
False
Is 109 a factor of 686437528?
True
Does 1430 divide 617441110?
True
Is 12 a factor of 507624167?
False
Does 11 divide 180619945?
True
Is 25629121 a multiple of 144?
False
Is 57 a factor of 22080090?
True
Is 3 a factor of 45260669?
False
Is 2 a factor of 8858496?
True
Is 58755213 a multiple of 8?
False
Is 394 a factor of 16105932?
True
Is 10876885 a multiple of 145?
True
Is 40 a factor of 741999774?
False
Does 171 divide 30416782?
False
Is 2640 a factor of 34303361?
False
Is 17 a factor of 191229515?
True
Is 6151567201 a multiple of 481?
True
Is 23 a factor of 544869080?
True
Does 15 divide 109371884?
False
Does 516 divide 713590610?
False
Is 205 a factor of 67733222?
False
Is 58786293 a multiple of 307?
False
Is 41 a factor of 330090098?
True
Does 56 divide 38103352?
True
Is 21 a factor of 28531503?
True
Does 4 divide 135209291?
False
Does 4502 divide 110902268?
True
Is 3482 a factor of 56565715?
False
Is 141854347 a multiple of 2232?
False
Is 3874050733 a multiple of 4986?
False
Is 3272 a factor of 3591026544?
True
Is 210314832 a multiple of 48?
True
Is 150 a factor of 27811879?
False
Does 145 divide 97314285?
True
Is 573894983 a multiple of 2?
False
Is 789 a factor of 31347126?
False
Does 78 divide 34842529?
False
Is 92854124 a multiple of 31?
False
Does 37 divide 1091611?
True
Does 787 divide 242004861?
True
Does 1405 divide 302434680?
True
Is 2007 a factor of 453940030?
False
Does 121 divide 58631494?
False
Is 45800838 a multiple of 2?
True
Is 1343 a factor of 6602076?
False
Is 1397156494 a multiple of 373?
False
Is 79288038 a multiple of 200?
False
Does 112 divide 551350213?
False
Is 22155264 a multiple of 576?
True
Is 6 a factor of 3229584?
True
Is 4737656937 a multiple of 1145?
False
Is 915 a factor of 272357070?
True
Is 12 a factor of 175275504?
True
Does 2948 divide 397211263?
False
Is 37 a factor of 10230395?
False
Is 2933 a factor of 837154458?
True
Is 4516335 a multiple of 249?
False
Is 74 a factor of 307904365?
False
Is 19914648 a multiple of 156?
True
Is 328539954 a multiple of 411?
False
Does 5 divide 3127935?
True
Does 19 divide 93401663?
True
Does 1087 divide 159116147?
True
Is 35 a factor of 2469880700?
True
Is 4 a factor of 835786972?
True
Is 4 a factor of 2362280956?
True
Is 64673400 a multiple of 615?
True
Is 186893520 a multiple of 528?
True
Is 13894754 a multiple of 42?
False
Is 195977232 a multiple of 118?
True
Does 166 divide 22696703?
False
Does 44 divide 1128339872?
True
Is 661143062 a multiple of 110?
False
Is 130148257 a multiple of 5?
False
Does 249 divide 139544580?
True
Is 72492011 a multiple of 31?
False
Is 62189746 a multiple of 4058?
False
Does 45 divide 56805030?
True
Does 252 divide 841826366?
False
Is 1031041854 a multiple of 12744?
False
Is 625 a factor of 1179427020?
False
Is 7 a factor of 124211731?
True
Is 475 a factor of 23353294?
False
Is 26 a factor of 698689956?
False
Does 1208 divide 10782324?
False
Is 35792500 a multiple of 100?
True
Does 3152 divide 59987000?
False
Does 18 divide 141473160?
True
Does 193 divide 379673518?
False
Is 21923695 a multiple of 104?
False
Does 42 divide 161566856?
False
Does 4644 divide 1973331973?
False
Does 9 divide 950472?
True
Is 282860620 a multiple of 3140?
True
Is 280 a factor of 18147080?
True
Is 32 a factor of 289419771?
False
Does 3263 divide 1211072239?
True
Does 4 divide 2695192092?
True
Is 6 a factor of 31446193?
False
Is 18282510 a multiple of 45?
True
Is 197262768 a multiple of 12?
True
Is 59965780 a multiple of 868?
True
Is 1471 a factor of 18427496?
False
Is 21926691 a multiple of 174?
False
Does 22 divide 455172?
False
Is 2 a factor of 843813?
False
Does 6 divide 876559807?
False
Does 94 divide 168808?
False
Is 60 a factor of 14287608?
False
Is 576204304 a multiple of 229?
True
Does 477 divide 24873642?
True
Is 26972451 a multiple of 33?
True
Does 26 divide 79254236?
False
Is 11109405 a multiple of 98?
False
Is 6198 a factor of 3884329986?
True
Does 18 divide 88431430?
False
Is 7 a factor of 6780299?
False
Does 22 divide 81308?
False
Is 22074600 a multiple of 169?
False
Is 137 a factor of 2282231?
False
Is 85061686 a multiple of 15?
False
Does 15 divide 258981225?
True
Is 514336954 a multiple of 6346?
True
Does 69 divide 13199869?
False
Is 15 a factor of 7380795?
True
Does 6 divide 52703206?
False
Is 41 a factor of 1643249045?
True
Is 80529522 a m